{"id":320,"date":"2024-11-18T22:15:28","date_gmt":"2024-11-18T22:15:28","guid":{"rendered":"https:\/\/xn--energierechtsanwltin-qzb.ch\/?page_id=320"},"modified":"2024-11-20T23:03:10","modified_gmt":"2024-11-20T23:03:10","slug":"newsletter","status":"publish","type":"page","link":"https:\/\/xn--energierechtsanwltin-qzb.ch\/?page_id=320","title":{"rendered":"Newsletter"},"content":{"rendered":"\n<p>Bei Anmeldung f\u00fcr den Newsletter erhalten Sie eine Benachrichtigung, wenn auf energierechtsanw\u00e4ltin.ch ein neuer Blogbeitrag ver\u00f6ffentlicht wird.<\/p>\n\n\n<script>(function() {\n\twindow.mc4wp = window.mc4wp || {\n\t\tlisteners: [],\n\t\tforms: {\n\t\t\ton: function(evt, cb) {\n\t\t\t\twindow.mc4wp.listeners.push(\n\t\t\t\t\t{\n\t\t\t\t\t\tevent   : evt,\n\t\t\t\t\t\tcallback: cb\n\t\t\t\t\t}\n\t\t\t\t);\n\t\t\t}\n\t\t}\n\t}\n})();\n<\/script><!-- Mailchimp for WordPress v4.9.21 - https:\/\/wordpress.org\/plugins\/mailchimp-for-wp\/ --><form id=\"mc4wp-form-1\" class=\"mc4wp-form mc4wp-form-323\" method=\"post\" data-id=\"323\" data-name=\"Newsletter\" ><div class=\"mc4wp-form-fields\"><p>\r\n    <label>Vorname:<\/label>\r\n    <input type=\"text\" name=\"FNAME\" required=\"\">\r\n<\/p>\r\n<p>\r\n    <label>Nachname:<\/label>\r\n    <input type=\"text\" name=\"LNAME\">\r\n<\/p>\r\n<p>\r\n    <label>E-Mail-Adresse:<\/label>\r\n    <input type=\"email\" name=\"EMAIL\" required=\"\">\r\n<\/p>\r\n<p>\r\n    <input type=\"submit\" value=\"Anmelden\">\r\n<\/p>\r\n<\/div><label style=\"display: none !important;\">Leave this field empty if you&#8217;re human: <input type=\"text\" name=\"_mc4wp_honeypot\" value=\"\" tabindex=\"-1\" autocomplete=\"off\" \/><\/label><input type=\"hidden\" name=\"_mc4wp_timestamp\" value=\"1777021099\" \/><input type=\"hidden\" name=\"_mc4wp_form_id\" value=\"323\" \/><input type=\"hidden\" name=\"_mc4wp_form_element_id\" value=\"mc4wp-form-1\" \/><div class=\"mc4wp-response\"><\/div><\/form><!-- \/ Mailchimp for WordPress Plugin -->\n\n\n<p>Hinweis: Der Newsletter wird via Mailchimp versandt. Ihre E\u2011Mail-Adresse, Ihr Name und die Verwendung des Newsletters werden von Mailchimp in den USA gespeichert (f\u00fcr weitere Angaben verweise ich auf die Datenschutzerkl\u00e4rung des Mailchimp-Anbieters Intuit).<\/p>\n","protected":false},"excerpt":{"rendered":"<p>Bei Anmeldung f\u00fcr den Newsletter erhalten Sie eine Benachrichtigung, wenn auf energierechtsanw\u00e4ltin.ch ein neuer Blogbeitrag ver\u00f6ffentlicht wird. Hinweis: Der Newsletter [&hellip;]<\/p>\n","protected":false},"author":1,"featured_media":0,"parent":0,"menu_order":0,"comment_status":"closed","ping_status":"closed","template":"","meta":{"site-sidebar-layout":"default","site-content-layout":"","ast-site-content-layout":"","site-content-style":"default","site-sidebar-style":"default","ast-global-header-display":"","ast-banner-title-visibility":"","ast-main-header-display":"","ast-hfb-above-header-display":"","ast-hfb-below-header-display":"","ast-hfb-mobile-header-display":"","site-post-title":"","ast-breadcrumbs-content":"","ast-featured-img":"","footer-sml-layout":"","theme-transparent-header-meta":"","adv-header-id-meta":"","stick-header-meta":"","header-above-stick-meta":"","header-main-stick-meta":"","header-below-stick-meta":"","astra-migrate-meta-layouts":"default","ast-page-background-enabled":"default","ast-page-background-meta":{"desktop":{"background-color":"var(--ast-global-color-4)","background-image":"","background-repeat":"repeat","background-position":"center center","background-size":"auto","background-attachment":"scroll","background-type":"","background-media":"","overlay-type":"","overlay-color":"","overlay-opacity":"","overlay-gradient":""},"tablet":{"background-color":"","background-image":"","background-repeat":"repeat","background-position":"center center","background-size":"auto","background-attachment":"scroll","background-type":"","background-media":"","overlay-type":"","overlay-color":"","overlay-opacity":"","overlay-gradient":""},"mobile":{"background-color":"","background-image":"","background-repeat":"repeat","background-position":"center center","background-size":"auto","background-attachment":"scroll","background-type":"","background-media":"","overlay-type":"","overlay-color":"","overlay-opacity":"","overlay-gradient":""}},"ast-content-background-meta":{"desktop":{"background-color":"var(--ast-global-color-5)","background-image":"","background-repeat":"repeat","background-position":"center center","background-size":"auto","background-attachment":"scroll","background-type":"","background-media":"","overlay-type":"","overlay-color":"","overlay-opacity":"","overlay-gradient":""},"tablet":{"background-color":"var(--ast-global-color-5)","background-image":"","background-repeat":"repeat","background-position":"center center","background-size":"auto","background-attachment":"scroll","background-type":"","background-media":"","overlay-type":"","overlay-color":"","overlay-opacity":"","overlay-gradient":""},"mobile":{"background-color":"var(--ast-global-color-5)","background-image":"","background-repeat":"repeat","background-position":"center center","background-size":"auto","background-attachment":"scroll","background-type":"","background-media":"","overlay-type":"","overlay-color":"","overlay-opacity":"","overlay-gradient":""}},"_themeisle_gutenberg_block_has_review":false,"footnotes":""},"class_list":["post-320","page","type-page","status-publish","hentry"],"yoast_head":"<!-- This site is optimized with the Yoast SEO plugin v23.9 - https:\/\/yoast.com\/wordpress\/plugins\/seo\/ -->\n<title>Newsletter - energierechtsanw\u00e4ltin.ch<\/title>\n<meta name=\"robots\" content=\"index, follow, max-snippet:-1, max-image-preview:large, max-video-preview:-1\" \/>\n<link rel=\"canonical\" href=\"https:\/\/xn--energierechtsanwltin-qzb.ch\/?page_id=320\" \/>\n<meta property=\"og:locale\" content=\"de_DE\" \/>\n<meta property=\"og:type\" content=\"article\" \/>\n<meta property=\"og:title\" content=\"Newsletter - energierechtsanw\u00e4ltin.ch\" \/>\n<meta property=\"og:description\" content=\"Bei Anmeldung f\u00fcr den Newsletter erhalten Sie eine Benachrichtigung, wenn auf energierechtsanw\u00e4ltin.ch ein neuer Blogbeitrag ver\u00f6ffentlicht wird. Hinweis: Der Newsletter [&hellip;]\" \/>\n<meta property=\"og:url\" content=\"https:\/\/xn--energierechtsanwltin-qzb.ch\/?page_id=320\" \/>\n<meta property=\"og:site_name\" content=\"energierechtsanw\u00e4ltin.ch\" \/>\n<meta property=\"article:modified_time\" content=\"2024-11-20T23:03:10+00:00\" \/>\n<meta name=\"twitter:card\" content=\"summary_large_image\" \/>\n<script type=\"application\/ld+json\" class=\"yoast-schema-graph\">{\"@context\":\"https:\/\/schema.org\",\"@graph\":[{\"@type\":\"WebPage\",\"@id\":\"https:\/\/xn--energierechtsanwltin-qzb.ch\/?page_id=320\",\"url\":\"https:\/\/xn--energierechtsanwltin-qzb.ch\/?page_id=320\",\"name\":\"Newsletter - energierechtsanw\u00e4ltin.ch\",\"isPartOf\":{\"@id\":\"https:\/\/xn--energierechtsanwltin-qzb.ch\/#website\"},\"datePublished\":\"2024-11-18T22:15:28+00:00\",\"dateModified\":\"2024-11-20T23:03:10+00:00\",\"breadcrumb\":{\"@id\":\"https:\/\/xn--energierechtsanwltin-qzb.ch\/?page_id=320#breadcrumb\"},\"inLanguage\":\"de-CH\",\"potentialAction\":[{\"@type\":\"ReadAction\",\"target\":[\"https:\/\/xn--energierechtsanwltin-qzb.ch\/?page_id=320\"]}]},{\"@type\":\"BreadcrumbList\",\"@id\":\"https:\/\/xn--energierechtsanwltin-qzb.ch\/?page_id=320#breadcrumb\",\"itemListElement\":[{\"@type\":\"ListItem\",\"position\":1,\"name\":\"Startseite\",\"item\":\"https:\/\/xn--energierechtsanwltin-qzb.ch\/\"},{\"@type\":\"ListItem\",\"position\":2,\"name\":\"Newsletter\"}]},{\"@type\":\"WebSite\",\"@id\":\"https:\/\/xn--energierechtsanwltin-qzb.ch\/#website\",\"url\":\"https:\/\/xn--energierechtsanwltin-qzb.ch\/\",\"name\":\"energierechtsanw\u00e4ltin.ch\",\"description\":\"Ein Blog f\u00fcr die Energiebranche.\",\"publisher\":{\"@id\":\"https:\/\/xn--energierechtsanwltin-qzb.ch\/#organization\"},\"potentialAction\":[{\"@type\":\"SearchAction\",\"target\":{\"@type\":\"EntryPoint\",\"urlTemplate\":\"https:\/\/xn--energierechtsanwltin-qzb.ch\/?s={search_term_string}\"},\"query-input\":{\"@type\":\"PropertyValueSpecification\",\"valueRequired\":true,\"valueName\":\"search_term_string\"}}],\"inLanguage\":\"de-CH\"},{\"@type\":\"Organization\",\"@id\":\"https:\/\/xn--energierechtsanwltin-qzb.ch\/#organization\",\"name\":\"energierechtsanw\u00e4ltin.ch\",\"url\":\"https:\/\/xn--energierechtsanwltin-qzb.ch\/\",\"logo\":{\"@type\":\"ImageObject\",\"inLanguage\":\"de-CH\",\"@id\":\"https:\/\/xn--energierechtsanwltin-qzb.ch\/#\/schema\/logo\/image\/\",\"url\":\"https:\/\/xn--energierechtsanwltin-qzb.ch\/wp-content\/uploads\/2024\/11\/cropped-Paragraf.jpg\",\"contentUrl\":\"https:\/\/xn--energierechtsanwltin-qzb.ch\/wp-content\/uploads\/2024\/11\/cropped-Paragraf.jpg\",\"width\":282,\"height\":277,\"caption\":\"energierechtsanw\u00e4ltin.ch\"},\"image\":{\"@id\":\"https:\/\/xn--energierechtsanwltin-qzb.ch\/#\/schema\/logo\/image\/\"}}]}<\/script>\n<!-- \/ Yoast SEO plugin. -->","yoast_head_json":{"title":"Newsletter - energierechtsanw\u00e4ltin.ch","robots":{"index":"index","follow":"follow","max-snippet":"max-snippet:-1","max-image-preview":"max-image-preview:large","max-video-preview":"max-video-preview:-1"},"canonical":"https:\/\/xn--energierechtsanwltin-qzb.ch\/?page_id=320","og_locale":"de_DE","og_type":"article","og_title":"Newsletter - energierechtsanw\u00e4ltin.ch","og_description":"Bei Anmeldung f\u00fcr den Newsletter erhalten Sie eine Benachrichtigung, wenn auf energierechtsanw\u00e4ltin.ch ein neuer Blogbeitrag ver\u00f6ffentlicht wird. Hinweis: Der Newsletter [&hellip;]","og_url":"https:\/\/xn--energierechtsanwltin-qzb.ch\/?page_id=320","og_site_name":"energierechtsanw\u00e4ltin.ch","article_modified_time":"2024-11-20T23:03:10+00:00","twitter_card":"summary_large_image","schema":{"@context":"https:\/\/schema.org","@graph":[{"@type":"WebPage","@id":"https:\/\/xn--energierechtsanwltin-qzb.ch\/?page_id=320","url":"https:\/\/xn--energierechtsanwltin-qzb.ch\/?page_id=320","name":"Newsletter - energierechtsanw\u00e4ltin.ch","isPartOf":{"@id":"https:\/\/xn--energierechtsanwltin-qzb.ch\/#website"},"datePublished":"2024-11-18T22:15:28+00:00","dateModified":"2024-11-20T23:03:10+00:00","breadcrumb":{"@id":"https:\/\/xn--energierechtsanwltin-qzb.ch\/?page_id=320#breadcrumb"},"inLanguage":"de-CH","potentialAction":[{"@type":"ReadAction","target":["https:\/\/xn--energierechtsanwltin-qzb.ch\/?page_id=320"]}]},{"@type":"BreadcrumbList","@id":"https:\/\/xn--energierechtsanwltin-qzb.ch\/?page_id=320#breadcrumb","itemListElement":[{"@type":"ListItem","position":1,"name":"Startseite","item":"https:\/\/xn--energierechtsanwltin-qzb.ch\/"},{"@type":"ListItem","position":2,"name":"Newsletter"}]},{"@type":"WebSite","@id":"https:\/\/xn--energierechtsanwltin-qzb.ch\/#website","url":"https:\/\/xn--energierechtsanwltin-qzb.ch\/","name":"energierechtsanw\u00e4ltin.ch","description":"Ein Blog f\u00fcr die Energiebranche.","publisher":{"@id":"https:\/\/xn--energierechtsanwltin-qzb.ch\/#organization"},"potentialAction":[{"@type":"SearchAction","target":{"@type":"EntryPoint","urlTemplate":"https:\/\/xn--energierechtsanwltin-qzb.ch\/?s={search_term_string}"},"query-input":{"@type":"PropertyValueSpecification","valueRequired":true,"valueName":"search_term_string"}}],"inLanguage":"de-CH"},{"@type":"Organization","@id":"https:\/\/xn--energierechtsanwltin-qzb.ch\/#organization","name":"energierechtsanw\u00e4ltin.ch","url":"https:\/\/xn--energierechtsanwltin-qzb.ch\/","logo":{"@type":"ImageObject","inLanguage":"de-CH","@id":"https:\/\/xn--energierechtsanwltin-qzb.ch\/#\/schema\/logo\/image\/","url":"https:\/\/xn--energierechtsanwltin-qzb.ch\/wp-content\/uploads\/2024\/11\/cropped-Paragraf.jpg","contentUrl":"https:\/\/xn--energierechtsanwltin-qzb.ch\/wp-content\/uploads\/2024\/11\/cropped-Paragraf.jpg","width":282,"height":277,"caption":"energierechtsanw\u00e4ltin.ch"},"image":{"@id":"https:\/\/xn--energierechtsanwltin-qzb.ch\/#\/schema\/logo\/image\/"}}]}},"_links":{"self":[{"href":"https:\/\/xn--energierechtsanwltin-qzb.ch\/index.php?rest_route=\/wp\/v2\/pages\/320","targetHints":{"allow":["GET"]}}],"collection":[{"href":"https:\/\/xn--energierechtsanwltin-qzb.ch\/index.php?rest_route=\/wp\/v2\/pages"}],"about":[{"href":"https:\/\/xn--energierechtsanwltin-qzb.ch\/index.php?rest_route=\/wp\/v2\/types\/page"}],"author":[{"embeddable":true,"href":"https:\/\/xn--energierechtsanwltin-qzb.ch\/index.php?rest_route=\/wp\/v2\/users\/1"}],"replies":[{"embeddable":true,"href":"https:\/\/xn--energierechtsanwltin-qzb.ch\/index.php?rest_route=%2Fwp%2Fv2%2Fcomments&post=320"}],"version-history":[{"count":2,"href":"https:\/\/xn--energierechtsanwltin-qzb.ch\/index.php?rest_route=\/wp\/v2\/pages\/320\/revisions"}],"predecessor-version":[{"id":328,"href":"https:\/\/xn--energierechtsanwltin-qzb.ch\/index.php?rest_route=\/wp\/v2\/pages\/320\/revisions\/328"}],"wp:attachment":[{"href":"https:\/\/xn--energierechtsanwltin-qzb.ch\/index.php?rest_route=%2Fwp%2Fv2%2Fmedia&parent=320"}],"curies":[{"name":"wp","href":"https:\/\/api.w.org\/{rel}","templated":true}]}}